n base 9, what is -13 - 10?
-23
In base 11, what is -5 - -848?
843
In base 8, what is 13 + -4425?
-4412
In base 8, what is 6 - -130?
136
In base 13, what is b6 - 0?
b6
In base 6, what is 2 - 44?
-42
In base 14, what is -5b + 7?
-54
In base 5, what is 4 - 1034?
-1030
In base 8, what is 1 - -33?
34
In base 15, what is -1 - 4e?
-50
In base 13, what is -37 + -c?
-46
In base 16, what is 5 - 9?
-4
In base 10, what is 40 - 155?
-115
In base 5, what is 0 + 130?
130
In base 16, what is -2 - d6?
-d8
In base 7, what is 1 - -126?
130
In base 11, what is 174 + -2?
172
In base 11, what is 123 - -5?
128
In base 12, what is -1b81 + 3?
-1b7a
In base 10, what is -6 + 7?
1
In base 13, what is 1 - 38?
-37
In base 7, what is -1 - -20532?
20531
In base 12, what is 38 - -1b?
57
In base 13, what is -96 + -a?
-a3
In base 12, what is 2 - 100?
-ba
In base 8, what is 16037 - -1?
16040
In base 3, what is 1102 + -212?
120
In base 12, what is 1058 + 6?
1062
In base 12, what is 3 + 581?
584
In base 8, what is -2020 + -3?
-2023
In base 16, what is 294a - -1?
294b
In base 2, what is 100010111 + -11100?
11111011
In base 16, what is -14f + -3?
-152
In base 11, what is 32 - -7?
39
In base 8, what is 70 - 1?
67
In base 7, what is -15 - -3?
-12
In base 6, what is -424 - 1?
-425
In base 13, what is 25 - 5?
20
In base 6, what is -24 - 14?
-42
In base 11, what is -98 - 0?
-98
In base 9, what is -6 - 84?
-101
In base 7, what is 3 - 12?
-6
In base 3, what is -100 - 2010?
-2110
In base 16, what is -9 + 16?
d
In base 13, what is -3 + -201a?
-2020
In base 11, what is 22 + 7?
29
In base 4, what is -22323 - -10?
-22313
In base 7, what is -25 + 4?
-21
In base 14, what is 5 - -11?
16
In base 3, what is 2 - -2?
11
In base 11, what is 1 + 371?
372
In base 16, what is -5 - -4c?
47
In base 5, what is 1 + -22?
-21
In base 2, what is -11101111 + 11?
-11101100
In base 7, what is -141 - -1?
-140
In base 15, what is 2d - -41?
6e
In base 12, what is -20 - 4b?
-6b
In base 15, what is -4 + 3e0?
3db
In base 9, what is -4128 - 5?
-4134
In base 12, what is 38 + 0?
38
In base 5, what is -10 + 1023?
1013
In base 8, what is 13 - 517?
-504
In base 7, what is -5 - -24?
16
In base 6, what is 1015 - 3?
1012
In base 12, what is -156 + -4?
-15a
In base 4, what is 1 - -33322?
33323
In base 6, what is 1 + -3?
-2
In base 8, what is 5 - -34?
41
In base 16, what is 0 + 2?
2
In base 14, what is -136 - -2?
-134
In base 3, what is 11 + 2001110?
2001121
In base 14, what is -5 + -8b?
-92
In base 6, what is 2 + -450?
-444
In base 7, what is 46 - 3?
43
In base 14, what is -5 - 11?
-16
In base 7, what is 52 + -1?
51
In base 7, what is -245 + 15?
-230
In base 13, what is -2 + -9b?
-a0
In base 11, what is 56 + -1?
55
In base 16, what is 11 - 11c?
-10b
In base 12, what is 4 - -190a?
1912
In base 5, what is -41 + -1?
-42
In base 13, what is -28 + -25?
-50
In base 4, what is -11 - -1332?
1321
In base 9, what is -8303 - 5?
-8308
In base 9, what is -25752 - -2?
-25750
In base 3, what is -11 + 1110001?
1102220
In base 12, what is -132 + -2?
-134
In base 11, what is 2 + -a6?
-a4
In base 10, what is -119 + 4?
-115
In base 11, what is 594 + 0?
594
In base 15, what is -db1 + 4?
-dac
In base 12, what is 256 + 4?
25a
In base 9, what is -28 - -32?
3
In base 8, what is 10 - -177?
207
In base 13, what is -2 - a?
-c
In base 16, what is -9 + -a?
-13
In base 14, what is -5 - 32?
-37
In base 6, what is 10345 - -3?
10352
In base 11, what is -3 - -83?
80
In base 10, what is 308 - 4?
304
In base 8, what is -6507 + 3?
-6504
In base 3, what is -11 + 10001?
2220
In base 16, what is -15a + 5?
-155
In base 9, what is 4188 - 4?
4184
In base 13, what is 4 - ab?
-a7
In base 10, what is 2 - 167?
-165
In base 6, what is -45410 + 1?
-45405
In base 9, what is 3 - 1148?
-1145
In base 3, what is -202 - -10?
-122
In base 3, what is 220 + -1010?
-20
In base 4, what is -11 + -2011?
-2022
In base 9, what is -68 - 188?
-267
In base 15, what is 109 - c?
ec
In base 16, what is 4 + 3d?
41
In base 7, what is 1 - 102?
-101
In base 16, what is -5 - -29?
24
In base 10, what is 1866 - 2?
1864
In base 9, what is -258 + 1?
-257
In base 2, what is 10100010 - -110?
10101000
In base 8, what is 13374 + -3?
13371
In base 7, what is -2 - -1155?
1153
In base 10, what is 4848 + -2?
4846
In base 3, what is -12222 + 100?
-12122
In base 10, what is -532 + -2?
-534
In base 5, what is 21 + 22134?
22210
In base 11, what is 108 - 5?
103
In base 10, what is -1359 + -3?
-1362
In base 3, what is 22 + -1?
21
In base 2, what is 101100011 + 100?
101100111
In base 7, what is 21 + 525?
546
In base 2, what is -101 - 110111?
-111100
In base 8, what is 5 + 362?
367
In base 15, what is 72 - 10?
62
In base 14, what is 6 + ac?
b4
In base 11, what is -4 - 70?
-74
In base 11, what is 0 - 4761?
-4761
In base 7, what is -164 - 4?
-201
In base 11, what is 1 + 96?
97
In base 13, what is 2c8a + -5?
2c85
In base 13, what is -3 - -2b1?
2ab
In base 4, what is 12 - -2232?
2310
In base 6, what is -12 + -35?
-51
In base 14, what is 258 - 2?
256
In base 4, what is -220311 + 3?
-220302
In base 8, what is -101 - -5?
-74
In base 8, what is -53115 - 5?
-53122
In base 10, what is -5 - 28?
-33
In base 2, what is -111 - 110010?
-111001
In base 13, what is -3 - 282?
-285
In base 7, what is 131 + -14?
114
In base 3, what is -100 + -11?
-111
In base 10, what is 4 - -132?
136
In base 8, what is -1570 + 5?
-1563
In base 12, what is 215 + -1?
214
In base 9, what is -1225 - 3?
-1228
In base 7, what is 0 + -1415?
-1415
In base 14, what is -c - -19?
b
In base 2, what is 1011010 - 100?
1010110
In base 9, what is -2 + 144?
142
In base 5, what is -12 - 21?
-33
In base 10, what is -3 - 132?
-135
In base 2, what is -110 + 100001?
11011
In base 15, what is -7 + 2b?
24
In base 4, what is 1312 + -13?
1233
In base 12, what is -6 + -1b?
-25
In base 16, what is 1 - -d22?
d23
In base 3, what is 102 - 20210?
-20101
In base 9, what is -16 + -88?
-115
In base 14, what is -2 + -46?
-48
In base 10, what is -27 - -8?
-19
In base 3, what is 1 - -12110?
12111
In base 5, what is -1124 + 203?
-421
In base 5, what is 102140 + -4?
102131
In base 11, what is 2 - -4?
6
In base 9, what is 15 - -1735?
1751
In base 14, what is 4 - -99b?
9a1
In base 3, what is 102 - -1020?
1122
In base 8, what is 4317 + -2?
4315
In base 7, what is 4501 + -2?
4466
In base 6, what is -12 - -102?
50
In base 16, what is b1 - 3?
ae
In base 10, what is 461 + 2?
463
In base 15, what is 143c + 3?
1440
In base 3, what is 1100222 - 220?
1100002
In base 12, what is -5 + 6b?
66
In base 3, what is 2 + -120200?
-120121
In base 10, what is 51 - -4?
55
In base 13, what is 4 + 37?
3b
In base 10, what is 5 - 2149?
-2144
In base 9, what is 31 + -22?
8
In base 8, what is -27 + -3?
-32
In base 15, what is 87 - 6?
81
In base 5, what is 1040 - 10?
1030
In base 10, what is -36 + -7?
-43
In base 14, what is 3 + 96?
99
In base 9, what is -43 + -8?
-52
In base 4, what is 3 - -103?
112
In base 11, what is 2 - 956?
-954
In base 6, what is -21452 - -2?
-21450
In base 14, what is 21 - 1?
20
In base 8, what is 0 - 252?
-252
In base 12, what is 309 + 5?
312
In base 13, what is 5 + -45b?
-456
In base 12, what is 57 + -2?
55
In base 12, what is -51 + 76?
25
In base 16, what is 23 + 73?
96
In base 8, what is 27 + 5?
34
In base 14, what is -9 - -43?
38
In base 8, what is 3677 - 2?
3675
In base 16, what is -2 - -7c?
7a
In base 12, what is 107b - -4?
1083
In base 8, what is 422 + 0?
422
In base 2, what is 11001 - 10?
10111
In base 6, what is -44541 - -1?
-44540
In base 2, what is -11 + -10011011001?
-10011011100
In base 11, what is 375 - 5?
370
In base 16, what is 1 - 1411?
-1410
In base 6, what is 154 + -3?
151
In base 4, what is -11 + 322?
311
In base 11, what is 86 + -2?
84
In base 3, what is -1121112 + -2?
-1121121
In base 6, what is -22130 + 4?
-22122
In base 7, what is -3 - 4041?
-4044
In base 5, what is 0 - -143?
143
In base 2, what is 1000100 - -100?
1001000
In base 7, what is -3 - 101?
-104
In base 14, what is -1190 + -1?
-1191
In base 2, what is -11 + -1000010001?
-1000010100
In base 11, what is -540 - -1?
-53a
In base 3, what is -100 + 101?
1
In base 5, what is -43012 - -3?
-43004
In base 14, what is -b00 + 3?
-adb
In base 10, what is -1 + 8122?
8121
In base 9, what is -126 - -5?
-121
In base 10, what is 19 